 + 2. Let m(p) be the second derivative of -p**3/6 - 8*p**2 - 5*p. Let n = 12 + -25. Let t be m(n). Determine x(t).
8
Let f(c) = 3*c + 1. Let d(b) = 3*b. Let m(z) = -4*d(z) + 5*f(z). Let k(j) = 7*j + 9. Let x(h) = -2*k(h) + 5*m(h). What is x(-6)?
1
Let b(j) be the third derivative of -1/3*j**3 + 1/24*j**4 + 0*j + 0 - 11*j**2. Let h(i) = -2*i - 6. Let w be h(-4). Calculate b(w).
0
Let u(v) = 8*v - 39. Suppose -8*c + 42 = -c. Calculate u(c).
9
Let a(r) be the second derivative of -r**3/2 + 7*r**2 - 338*r. Give a(7).
-7
Suppose -3*g - 4 = -5*w + 23, 0 = g + 5*w - 11. Let o(f) be the first derivative of f**4/4 + 4*f**3/3 + 3*f**2/2 - 5*f + 1. Determine o(g).
-17
Suppose -24 = -22*a + 20. Let l(m) = -3*m**3 - m**2 - m - 1. Determine l(a).
-31
Let v(j) = -5*j**2 + 7*j - 7. Let b(q) = -11*q**2 + 15*q - 13. Let r(c) = 6*b(c) - 13*v(c). Suppose 4*y + 5*n = 0, -5*y + 10*y = 5*n. Determine r(y).
13
Let z(o) = o**3 - 7*o**2 + 2*o + 4. Let a = -195 + 202. Determine z(a).
18
Suppose 3*n = -4*k + 10, -2*k = -n + 3*n - 10. Let p be n/(-15)*(-30)/4. Let l(d) = -3 - 3*d + 6*d + d**2 - p*d. Calculate l(4).
5
Let a(p) be the first derivative of p**4/12 - 2*p**3/3 - 3*p**2/2 + 5*p - 7. Let c(s) be the first derivative of a(s). Give c(4).
-3
Let g(j) = -j**2 - j. Let s(d) = d**2 + 5*d + 2. Let b(r) = -4*g(r) - s(r). Let c be 1*(-16)/4 + 2. Determine b(c).
12
Let g(h) = h**2 - 6. Let t(k) be the third derivative of -k**4/6 - k**3/6 - 10*k**2. Let p be t(-2). Suppose -p*l = -l. Determine g(l).
-6
Let d be 34/(-8) + 2/8. Let w be ((1/1*4)/(-1))/(-2). Let v(u) = -7 - u**2 + 0*u**w + 11 - u. Give v(d).
-8
Let h(c) = 15 + 18 + 6*c - 32. Let k be (-2)/(((-3)/6)/(2/8)). Give h(k).
7
Suppose 6*i + 27 - 51 = 0. Let q(u) be the third derivative of -u**2 - 1/24*u**i + 0 - 1/6*u**3 + 0*u. Give q(5).
-6
Let z(n) = 20*n + 476. Let f be z(-24). Let r(c) = -c**3 - 4*c**2 - 5*c - 9. Calculate r(f).
11
Let k be (-6 - -11) + 3*11. Suppose -h + 50 = -5*m + 9, 2*m + 5*h = -k. Let c(x) = x + 1. Calculate c(m).
-8
Let h(r) = r**3 - r - 1. Let x(s) = -3*s**2 - 4*s - 4. Let j(g) = -h(g) + x(g). Give j(-2).
-1
Let i(u) = -7*u**2 + 23*u - 26. Let p(q) = -3*q**2 + 11*q - 12. Suppose -5*c - 10 = 3*f, f = -3*f + 3*c - 23. Let r(t) = f*p(t) + 2*i(t). Calculate r(6).
-10
Let u(i) = -4*i + 33. Let v be u(7). Suppose 2*q = 5*y + 29, v*y = q - 18 - 9. Let c(o) = 4*o**3 + 1 + 4*o + 4*o**2 - 10*o - 3*o**3. Determine c(y).
6
Let g be 2 + -134*3/6. Let u = g - -59. Let j(x) = 3 + 2*x + 0 - x. Determine j(u).
-3
Let x(i) = 6*i - 2*i - 8*i - 2*i - 2 + i. Calculate x(8).
-42
Suppose -5*k + 2*a + 13 = -8*k, -3*k - 4*a - 17 = 0. Let s(x) = -x - 2. What is s(k)?
1
Let q(h) = 2*h - 13. Suppose 40*v - 39*v - 6 = 0. Let m(r) = 1. Let k(x) = v*m(x) + q(x). Calculate k(9).
11
Let u(j) = 9*j**3 - 3*j**3 + 10*j**3 + j + 0*j - 1 + 10*j**3. Determine u(1).
26
Let i(r) = -r**2 - r + 19. Let x be i(4). Let w(c) = -14*c. Give w(x).
14
Suppose -2*s + 2 = -2*f, -2*s = -7*f + 2*f + 7. Let i(u) be the first derivative of u**4/4 - 5*u**3/3 + u**2/2 + 5*u + 1256. What is i(s)?
-7
Let a(g) be the second derivative of -g**4/12 + 2*g**3/3 + 5*g**2/2 - 2*g. Suppose -3*n + c + 21 = 0, 3*n - 2*c - 38 = -17. What is a(n)?
-16
Suppose 3*q + q = -36. Let d = q + 10. Let z(a) = a**3 - a**2 - a + 1. What is z(d)?
0
Let n(u) = 1. Let k(l) be the first derivative of -l**2/2 + 5*l - 14. Let g(b) = b**2 - 4*b + 4. Let r be g(4). Let i(s) = r*n(s) - k(s). Calculate i(0).
-1
Let r be (2 + 0 + -4)/2. Let a be 3 - (0 + r)*-2. Let x(o) = -4*o + 2 - a - 3*o + 5*o. What is x(5)?
-9
Let s(x) be the first derivative of 1/3*x**3 + 3/2*x**2 - 2 - 4*x. Suppose -12 = 4*m + 2*h + 6, -3*h = 3. Give s(m).
0
Suppose -5*g - 5*r = 15, 0 = g - 0*r + 2*r + 6. Suppose -5*h + 25 = g, 0 = u + u + 5*h - 33. Let w(i) = -i**3 + 4*i**2 - 4*i + 4. Determine w(u).
-12
Let x(w) be the first derivative of w**3/3 - 7*w**2/2 - 7*w - 87. What is x(7)?
-7
Let x(i) = -10*i + 1. Suppose -1809*s + 1818*s - 18 = 0. Give x(s).
-19
Let k(p) = 6*p**2 - 11*p - 6. Let y(w) = -7*w**2 + 12*w + 7. Let n(s) = -5*k(s) - 4*y(s). Determine n(5).
-13
Let p(t) = -3*t - 3. Suppose -2*v - 1 = d - 2, -5*d + 5*v + 5 = 0. Determine p(d).
-6
Let y be (-4)/62 + 2409/341. Let h(b) = b**3 - 7*b**2 + 3*b - 1. What is h(y)?
20
Let j(i) be the second derivative of i**4/4 - 5*i**3/2 - i**2 - 259*i + 1. Determine j(5).
-2
Let g(b) = -b**2 + 8*b - 4. Suppose -221 = -59*x + 251. Determine g(x).
-4
Let y(g) = g**3 + 14*g**2 + 14*g + 16. Let i = 144 + -153. Let c(x) = x**2 + 10*x - 4. Let l be c(i). Calculate y(l).
3
Let b(z) be the third derivative of z**4/24 + z**3/6 + 166*z**2. Let a(k) = k**2 - k - 3. Let v be a(0). Let u(w) = -w + 2. Let o be u(v). Calculate b(o).
6
Let i be 3 + -2 + 0 + 3. Let s be i - 1 - 15/(-3). Let y = -2 + s. Let r(v) = v**2 - 5*v - 4. What is r(y)?
2
Let a(g) = -56*g**2 - 2*g + 1. Suppose 6*y - 7*y = 3*l - 1, -2*y = 4*l - 2. Determine a(y).
-57
Let q(n) = n**2 - 8*n + 3. Suppose -2*i + 24 = 5*h, -2*h + 3*i + 33 = 2*h. Calculate q(h).
-9
Let l(t) = t**3 - 4*t**2 - 5*t. Let s be l(5). Let h(v) be the first derivative of -v**2/2 + 9. Let u(n) = -6*n + 5. Let f(i) = 5*h(i) - u(i). Calculate f(s).
-5
Let h(t) be the second derivative of t**4/2 - t**2/2 + 38*t - 2. Determine h(-1).
5
Let m(r) = 2*r**2 - 2*r - 1. Let x be (-9)/(36/20) - -7. Give m(x).
3
Suppose 7*p = 6 + 36. Let o(u) = 6*u + u + u**2 + 4*u**2 - 4*u**2 + p. Suppose 2*a + 13 - 4 = -n, 3*a + 2*n = -13. Calculate o(a).
-4
Let z be 1*-6*(0 - 1). Let q(v) be the first derivative of v**4/24 + v**3/6 - v**2/2 + 7. Let t(r) be the second derivative of q(r). Determine t(z).
7
Suppose -2*n + 4*n - 2 = 0. Let x be ((-15)/5)/(n/(-2)). Suppose x - 2 = t. Let o(c) = c**3 - 5*c**2 + 3*c - 5. Determine o(t).
-9
Suppose 8*y + 12 = 9*y - 3*a, 5*a + 6 = -3*y. Let s(o) be the third derivative of -11/24*o**4 + 0 + 0*o + 0*o**y + 4*o**2. Give s(1).
-11
Suppose 10 = 2*t + 3*t. Let f(x) = 29*x + 13. Let i(s) = 7*s + 3. Let h(q) = t*f(q) - 9*i(q). Let y be 1/(-2)*-10 + -6. Determine h(y).
4
Let f(p) = 5*p + 35. Let z(y) = -5*y - 44. Let l(o) = -5*f(o) - 4*z(o). Suppose v = 7 + 3. Suppose -2*g + v = 3*t, g + 10 = 2*g + 4*t. Determine l(g).
-9
Let b(f) be the first derivative of -f**4/4 - 3*f**3 + 4*f**2 - 15*f + 95. Determine b(-10).
5
Let y be -2 - 3/(9/6). Let q(j) be the second derivative of j**3/6 + 3*j**2/2 + 216*j. What is q(y)?
-1
Let r = -2064 + 2074. Let q(v) = v**2 - 11*v + 1. Determine q(r).
-9
Let j(d) = d**2 - 4*d + 5. Let w be j(4). Let f(v) = 330972 + v**2 - 2*v + v - 330977. Give f(w).
15
Suppose -5*z + 36 = 3*w - 8, 5*w - 61 = 4*z. Let h(n) = 2 + 17*n - w*n - 2. Let d be -1 - -1 - (-10 + 8). What is h(d)?
8
Let g(x) = x**3 + 5*x**2 + 10*x - 8. Let t(s) = s - 1. Let h(m) = g(m) - 6*t(m). Calculate h(-4).
-2
Let j(d) = d - 7. Let p = 704 + -700. What is j(p)?
-3
Let w be 1*(7 + -18) + 8. Let z(n) = 2 + 2*n + 6 - 6. Calculate z(w).
-4
Let l(f) = -5*f - 2. Let u = 384 + -383. Calculate l(u).
-7
Suppose -v - 42 = 5*u, -3*v + 5*u - 3*u = 109. Let a = v - -39. Let s(r) = 4*r - 2. Determine s(a).
6
Let o(z) = z**2 - 41*z + 146. Let v be o(37). Let q(w) = 5*w + 4 - w - 2. Calculate q(v).
-6
Let x(l) = l**3 + 10*l**2 + 9*l - 8. Let r = -22 + 19. Let i(j) = -2*j**2 - 2*j + 3. Let s be i(r). Calculate x(s).
-8
Let f(y) = 4*y + 6. Let c(n) = -3. Let m(u) = -u - 4. Let h(r) = -3*c(r) + 4*m(r). Let z(a) = 6*f(a) + 5*h(a). Suppose 6*o + 3 = 3*o. Determine z(o).
-3
Let q be 124/10 - 2/5. Let x = 69 - 67. Suppose 3*z - z + q = -b, -4*b - x*z - 24 = 0. Let m(j) = -j**2 - 5*j - 5. Determine m(b).
-1
Let x = 6 - 3. Suppose 0 = 5*v - 5*p - 25, 2*v + x*p - 9 = v. Let c(y) = 9 - y**3 - v + 1 - 3. What is c(0)?
1
Let v(y) = -5*y**3 + 47*y**2 + 70*y - 66. Let u(l) = 3*l**3 - 24*l**2 - 35*l + 34. Let h(x) = -7*u(x) - 4*v(x). Determine h(-18).
8
Let i(j) = -j - 1. Let n(o) = -4*o**3 + 19*o + 7 - 15*o + 5*o**3 - 7*o**2. Let a be n(6). Let u be i(a). Let h(t) = -t**2 + 6*t - 6. Calculate h(u).
2
Let w(d) = -158*d + 1 + 322*d - 155*d - 6. Give w(1).
4
Let d(q) = 6*q. Let p = -11 + 54. Let c = p + -44. Determine d(c).
-6
Let j(q) = -q - 9. Let m(n) = -n**3 + 16*n**2 - n + 20. Let z be m(16). Suppose d - 3*o = o, -3*o = -z*d - 26. What is j(d)?
-1
Let b(g) = -5*